4
Suppose -y + 107 = 2*y + g, 2*g = -2*y + 78. Calculate the highest common factor of y and 34.
34
Let r(d) = 31*d - 1. Let i be (-15)/10 + 13/2. Let h be r(i). What is the highest common factor of 22 and h?
22
Let t(b) = 40*b**2 - 12*b + 2. Let j be t(-5). What is the greatest common factor of 18 and j?
18
Let u(x) = -x**3 + x**2 - 4*x - 20. Let t be u(-3). What is the greatest common factor of t and 294?
14
Suppose 85*i - 79*i + 18 = 0. Let d be ((1 - 1) + i)*(-1813)/111. What is the highest common divisor of d and 343?
49
Let d = -426 + 432. What is the greatest common divisor of d and 48?
6
Let v(o) = -o + 23. Let m be 1/((7/10)/(-7)). Let t be v(m). Let q = 102 - t. What is the highest common factor of q and 23?
23
Let f be (-16 - -15)/(((-5)/(-64))/(-5)). Calculate the highest common divisor of f and 8.
8
Let c(f) = f**2 + 8*f - 1. Let r(j) = -j - 13. Let q be r(-4). Let w be c(q). Calculate the highest common factor of 1 and w.
1
Suppose x - 4 - 4 = 0. Suppose -j + x*j = 7. What is the highest common factor of j and 9?
1
Let m(d) = 4*d**3 - d**2. Let a be m(1). Suppose -3*u = -2*u - a. What is the highest common divisor of 27 and u?
3
Let i be ((-27)/(-18))/((-1)/(-24)). Let z = 44 - i. Calculate the greatest common factor of 28 and z.
4
Suppose 3*o = a + 7, o - a = 7 - 4. Suppose 5*g + 3*z - 19 = 0, g - 6*g = 4*z - 22. Calculate the greatest common factor of g and o.
2
Let f be (1 + 24)*(2 + -1). Let x = f + -8. Suppose -233 + 1083 = 10*j. What is the greatest common divisor of x and j?
17
Let x be (-2)/(-4) + (-15)/((-60)/142). Let p(b) = b**3 + 6*b**2 - 2*b + 6. Let v be p(-6). Calculate the highest common factor of v and x.
18
Let l(u) = -u + 10. Let j be l(5). Let m be j/(-20)*(-18 + -2). What is the highest common divisor of 20 and m?
5
Let q = 1201 + -1019. Calculate the greatest common divisor of 273 and q.
91
Let u = 102 - 68. Suppose 2 = 6*x - u. What is the highest common factor of x and 66?
6
Let g(y) = -2*y + 1 + 5*y**3 + 0*y + y. Let x be g(1). Suppose -11 - 44 = -11*m. What is the highest common divisor of m and x?
5
Let l = -14 + 21. Suppose l*y + 404 = 992. Calculate the highest common divisor of y and 28.
28
Suppose -2*j - j = -18. Suppose d + j = 3*d. Suppose -3*w + 5*m = -46, -3*m - 26 = -d*w + 16. Calculate the highest common divisor of w and 108.
12
Suppose 28 = 5*p - 4*l, -3*p + 8*l + 36 = 12*l. What is the highest common divisor of 248 and p?
8
Let d(m) = 11*m**2 + 15*m + 26. Let s be d(-7). What is the highest common divisor of 5 and s?
5
Let k(f) = -f**2 + 25*f - 109. Let n be k(16). Calculate the highest common divisor of 21 and n.
7
Suppose -s + 0*n + 3*n + 78 = 0, 2*n = -5*s + 424. What is the highest common factor of 180 and s?
12
Suppose 26 = 5*o - 19. Let w be 2*(-36)/(-8) - -9. Calculate the highest common divisor of o and w.
9
Suppose 0 = -3*t + 6*t - 60. Calculate the greatest common divisor of t and 10.
10
Let t be 20/(-3)*(-18)/(-12). Let f(w) = w**3 + 10*w**2 + 7*w + 6. Let c be f(t). Let g = 99 + c. What is the highest common divisor of g and 5?
5
Let k(v) = 19*v**2 - 8*v - 3. Let l be k(3). Calculate the greatest common divisor of l and 54.
18
Let n = -74 + 86. Let y be (15/(-6) + 1)*-2. Calculate the highest common divisor of y and n.
3
Suppose -2*d + 152 = 3*c, -d + 5 = -2*d. Suppose 414 = -11*y + 1305. Calculate the greatest common divisor of y and c.
27
Let h = 70 - 111. Let w be h*(1 - 0)/(-1). What is the greatest common factor of 287 and w?
41
Let u = 1180 - 973. What is the highest common factor of 161 and u?
23
Let j be (-296)/(-8) - 8/2 - -4. Calculate the highest common divisor of j and 2183.
37
Let r(j) = 2*j**3 + j**2 + 2*j - 2. Let p be r(1). Suppose -p*n - 4*l = -20, -2*l - 8 = -3*n - 0*n. Calculate the greatest common factor of n and 4.
4
Let i = 407 - 287. What is the highest common factor of 10 and i?
10
Let v(t) = 2*t**2 + 10*t - 6*t - 5*t + 3. Let g be v(3). What is the greatest common factor of 12 and g?
6
Suppose z = -3*z + 16. Suppose z*n - 7 = 5*s - 37, -24 = -4*s + 4*n. What is the greatest common factor of 2 and s?
2
Let j(i) = 2*i**2 + 16*i + 16. Let q be j(-7). Suppose 4*r = -l + 6*l - 100, -33 = -q*l + 3*r. What is the greatest common factor of 8 and l?
8
Let j be (-2)/(-4) - 109/(-2). Suppose -62 + 194 = 6*d. What is the highest common divisor of d and j?
11
Let g be (8/6)/((-28)/(-3738)). Suppose 0 = g*k - 181*k + 180. Calculate the highest common divisor of k and 24.
12
Let q(r) = -9*r + 165. Let a be q(15). Calculate the greatest common factor of a and 390.
30
Suppose 0*k - 8721 = -19*k. Calculate the greatest common factor of k and 27.
27
Let a = -41 - -76. Suppose -29*c + a*c = 390. Suppose -2*w - 2 - 122 = -5*l, 4*l = -2*w + 110. Calculate the highest common divisor of l and c.
13
Suppose -5*x + 61 = j, 2*x - 4*x = j - 25. Suppose 3*z = -3*b + 21, 2*z - 16 - 3 = -3*b. Let d = 14 - z. What is the greatest common divisor of d and x?
12
Let f(a) = -a**3 - 3*a**2 + 2*a - 1. Let n be f(-4). Let u = n - -17. Suppose 2*o - 16 = u. Calculate the highest common divisor of o and 20.
20
Let w = -703 + 768. What is the greatest common factor of w and 1105?
65
Let s = 709 - 699. Calculate the greatest common factor of s and 110.
10
Let t = -370 - -384. Calculate the highest common divisor of 14 and t.
14
Let k(w) = w**2 + 2*w. Let a be k(-4). Let l = -525 - -605. Calculate the highest common factor of a and l.
8
Suppose -187 = -3*y - 34. Calculate the greatest common factor of 119 and y.
17
Let y be 60/930 + (-246)/(-31). Suppose 0 = -9*w + 4*w + 60. Calculate the greatest common factor of y and w.
4
Let p be (6 + -177)/(-3)*1. What is the highest common divisor of p and 19?
19
Suppose -n - 3*d = -47, -5*d + 2 = 17. What is the highest common divisor of n and 7?
7
Suppose -5*m - 3*u + 5 = 0, -2*m + 33 = 3*u - 8*u. Let o = m - -24. Calculate the greatest common divisor of 112 and o.
28
Suppose 5*o = -2*m + 457, -o - 3*o + 2*m + 380 = 0. Suppose -12*g - 5*g + 204 = -323. Calculate the greatest common divisor of g and o.
31
Let k = 13 + -13. Suppose k*c + 22 = c. Suppose 0 = -2*u + 17 + 5. What is the greatest common factor of u and c?
11
Let o = -241 + 140. Let h = o - -146. What is the highest common divisor of 9 and h?
9
Let x be 42 + (-3)/((-24)/40). Let g be (1 - -423) + 2/(-2). Calculate the greatest common factor of x and g.
47
Let x = 28 - 14. Let c = 217 + -182. What is the highest common factor of c and x?
7
Let t(u) = 3*u + 13. Suppose 0 = -3*m - 0*m - 12. Let p be t(m). What is the highest common divisor of 10 and p?
1
Let j be (25 + 801/(-27))*(-540)/14. Suppose -4*h = 11 - 91. What is the highest common divisor of j and h?
20
Let g(p) = -4 - p**3 - 2*p**3 + 4 - 3*p. Let n(d) = -d**2 + 13*d - 14. Let l be n(12). Let w be g(l). What is the greatest common divisor of w and 12?
6
Let t(k) = -2194*k + 46. Let b be t(-1). Calculate the highest common divisor of 80 and b.
80
Suppose n - 45 = 2*t, -3*n - 2*t + 225 = 2*n. Calculate the greatest common divisor of 18 and n.
9
Let d = 8 - 0. Let j(c) = c**2 - 5*c - 44. Let b be j(11). Suppose q - b = -d. Calculate the greatest common divisor of q and 112.
14
Let w = 30 - 31. Let n be w/6 + 2779/42. Calculate the greatest common factor of 88 and n.
22
Let v(t) = 16*t - 5. Let h be 15/(-18)*-6*1. Let o be v(h). Suppose 0 = -4*g + 142 - 22. What is the highest common divisor of g and o?
15
Let l be (-579)/(-24) - (-2)/(-16). Calculate the highest common divisor of l and 24.
24
Let m = 155 + -120. What is the highest common divisor of m and 1365?
35
Let l = 156 - 104. Calculate the greatest common factor of l and 13.
13
Let p(g) = g**2 - 6*g - 18. Let o be p(13). Suppose 4*x - 513 = -o. What is the highest common divisor of 22 and x?
22
Let t(s) = 5*s**2 - 34*s + 1. Let h be t(7). Calculate the greatest common divisor of h and 16.
8
Let l be 30/(-9)*(12/8 - 3). Suppose -160 = -4*h + 2*w, -2*w + l = -2*h + 81. What is the highest common divisor of h and 378?
42
Let k be 1/(-9 + 1267/140). Let x = 217 - 117. Calculate the highest common divisor of x and k.
20
Let l be (-3)/(-9) - 6/(-9). Let f(d) = 30*d**3 - 2*d**2 + 2*d - 1. Let i be f(l). What is the greatest common factor of 116 and i?
29
Suppose 90 = 3*i - 0*i + 3*v, 3*i =